e greatest common factor of 12630720 and 32.
32
Calculate the highest common factor of 477 and 1569065.
53
What is the greatest common divisor of 2641660 and 2212?
28
Calculate the greatest common factor of 175 and 202069.
7
What is the greatest common factor of 1995 and 621471?
57
Calculate the highest common divisor of 32 and 359672.
8
Calculate the greatest common divisor of 46560835 and 5.
5
What is the greatest common factor of 1805904 and 1044?
36
What is the greatest common factor of 3696 and 108401832?
1848
What is the highest common divisor of 21909572 and 4348?
4348
What is the greatest common divisor of 57408911 and 1142?
571
Calculate the highest common factor of 5 and 38553445.
5
What is the greatest common divisor of 9200 and 8642848?
368
What is the greatest common factor of 7236028 and 409?
409
Calculate the highest common divisor of 3393026 and 104.
26
What is the highest common divisor of 3268374 and 183264?
498
What is the greatest common factor of 84 and 161750246?
14
Calculate the greatest common factor of 20060 and 12356620.
340
Calculate the greatest common divisor of 182 and 128653.
7
Calculate the greatest common factor of 312006 and 416706.
2094
What is the greatest common divisor of 5031 and 18756?
9
Calculate the greatest common factor of 23212 and 20725.
829
Calculate the greatest common divisor of 63 and 33720029.
7
What is the greatest common factor of 46190115 and 1975?
395
Calculate the greatest common divisor of 128690 and 9622.
34
What is the highest common divisor of 35 and 359194325?
35
What is the highest common divisor of 351149 and 34975?
1399
What is the greatest common divisor of 49 and 3524255?
7
Calculate the highest common factor of 3723 and 16620348.
219
Calculate the greatest common divisor of 104368476 and 12072.
6036
What is the highest common divisor of 650 and 115270?
10
What is the greatest common factor of 46850 and 334?
2
Calculate the greatest common factor of 2015845 and 1690.
65
Calculate the highest common divisor of 7357350 and 3815.
35
What is the highest common divisor of 1543300 and 1300?
100
What is the highest common factor of 2107164 and 65148?
1068
What is the greatest common factor of 1506731759 and 2433?
811
Calculate the greatest common divisor of 32331680 and 7635.
2545
What is the greatest common divisor of 1325776 and 2752?
688
What is the greatest common factor of 26996 and 25226968?
1588
What is the highest common divisor of 12782 and 811076?
1162
Calculate the greatest common divisor of 1426495 and 5936.
371
Calculate the greatest common divisor of 1614 and 4244013.
807
What is the highest common divisor of 114 and 3462123?
57
Calculate the greatest common factor of 492 and 80084152.
164
Calculate the highest common divisor of 209 and 44052239.
11
Calculate the highest common factor of 121326 and 1311318.
1662
What is the greatest common factor of 9435 and 93359835?
255
Calculate the greatest common factor of 8575 and 37850575.
175
Calculate the greatest common divisor of 336 and 53002880.
112
Calculate the highest common divisor of 2003769 and 7839.
603
What is the greatest common factor of 2736 and 148618?
38
What is the highest common factor of 10096 and 567137752?
5048
What is the greatest common factor of 1846 and 22208516?
142
Calculate the highest common factor of 2699651655 and 45.
45
What is the highest common divisor of 64 and 12882992?
16
What is the highest common divisor of 143045 and 360862?
67
Calculate the highest common divisor of 2122410 and 14953710.
8070
Calculate the greatest common divisor of 696 and 17579136.
24
What is the highest common divisor of 43672 and 17702?
106
Calculate the greatest common divisor of 208 and 2626.
26
Calculate the greatest common divisor of 83283 and 4182255.
3621
What is the highest common divisor of 5 and 293640490?
5
Calculate the highest common factor of 1491 and 3588411.
213
Calculate the highest common divisor of 1254280503 and 42.
21
What is the highest common factor of 11232 and 31478112?
864
What is the highest common factor of 248682 and 768?
6
Calculate the highest common factor of 48546 and 54878556.
5394
What is the greatest common factor of 1205920 and 6880?
160
What is the highest common divisor of 1917726 and 24?
6
Calculate the highest common factor of 22776 and 45448.
104
Calculate the greatest common factor of 943768 and 3192.
1064
Calculate the highest common divisor of 1433640 and 2237765.
4595
What is the greatest common divisor of 220748 and 80388?
1276
What is the greatest common divisor of 83084751 and 1926?
963
What is the greatest common divisor of 5580 and 11691495?
1395
What is the highest common factor of 1650 and 5258150?
50
Calculate the highest common factor of 81786 and 543481601.
13631
What is the highest common factor of 9708632 and 11288?
136
What is the highest common factor of 12648 and 554064?
408
What is the greatest common divisor of 2392 and 98941492?
1196
What is the highest common divisor of 2384412 and 12?
12
Calculate the greatest common factor of 458976 and 8736.
672
What is the greatest common factor of 99 and 66426195?
33
What is the highest common divisor of 48535 and 19227?
17
What is the highest common factor of 2403204 and 9024?
564
Calculate the highest common factor of 5447 and 1169203997.
5447
What is the greatest common divisor of 18490183 and 3?
1
Calculate the greatest common factor of 5210356 and 31000.
124
Calculate the greatest common divisor of 133480 and 138024.
568
Calculate the highest common divisor of 723 and 220692617.
241
What is the greatest common factor of 2197 and 1339442?
13
Calculate the highest common factor of 26 and 54306018.
26
Calculate the greatest common divisor of 16053696 and 2304.
576
What is the highest common divisor of 180 and 12882204?
36
What is the highest common factor of 496 and 116915291?
31
Calculate the highest common divisor of 39589 and 12656402.
671
Calculate the greatest common factor of 1617060 and 270.
30
What is the greatest common divisor of 11144004 and 401853?
2697
Calculate the greatest common factor of 7950745 and 88.
11
What is the greatest common divisor of 620179 and 57323?
133
Calculate the greatest common factor of 30 and 214510.
10
What is the highest common divisor of 1864 and 190312536?
1864
Calculate the greatest common divisor of 2532 and 8174436.
12
What is the greatest common divisor of 212724 and 1881?
171
Calculate the greatest common divisor of 1649 and 7770767.
97
Calculate the highest common factor of 9152868 and 204.
204
What is the greatest common factor of 384 and 10249032?
24
What is the highest common factor of 14 and 19252954?
14
What is the highest common divisor of 2579657 and 17641?
1357
What is the highest common factor of 2964 and 25836?
12
Calculate the highest common divisor of 3222 and 892818.
18
What is the highest common factor of 75010 and 67795?
65
Calculate the highest common divisor of 29376104 and 216.
8
What is the highest common divisor of 27010 and 997180?
730
Calculate the highest common factor of 866159697 and 3237.
3237
What is the highest common divisor of 2130584 and 3800?
152
What is the highest common divisor of 1120 and 75407040?
160
What is the greatest common factor of 688240 and 125160?
280
Calculate the highest common divisor of 1105300 and 2275.
175
What is the greatest common divisor of 123434748 and 24?
12
Calculate the highest common divisor of 1602 and 129771612.
1602
What is the greatest common factor of 133809 and 506519?
611
What is the greatest common factor of 440 and 8978948?
44
Calculate the greatest common divisor of 1919 and 15552659.
19
What is the greatest common factor of 224 and 768005?
7
Calculate the greatest common factor of 509794835 and 55.
55
Calculate the greatest common divisor of 6 and 14017610.
2
What is the highest common divisor of 207690529 and 32039?
4577
What is the greatest common divisor of 888856 and 1702289?
811
What is the highest common factor of 2558 and 27?
1
Calculate the highest common factor of 12268647 and 27.
9
Calculate the highest common factor of 36526160 and 240.
80
What is the greatest common divisor of 8147419 and 1097?
1097
What is the greatest common divisor of 14856 and 20742690?
3714
Calculate the gre